{"id":6,"date":"2021-07-05T23:26:48","date_gmt":"2021-07-05T23:26:48","guid":{"rendered":"https:\/\/sites.massey.ac.nz\/libbuildingproject\/?page_id=6"},"modified":"2021-07-25T20:43:11","modified_gmt":"2021-07-25T20:43:11","slug":"about-the-project","status":"publish","type":"page","link":"https:\/\/sites.massey.ac.nz\/libbuildingproject\/about-the-project\/","title":{"rendered":"About the Project"},"content":{"rendered":"\n<p>Celebrating its location at the heart of the Manawat\u016b campus, our Library Te Putanga ki te Ao M\u0101tauranga is a gateway to the world of knowledge. This project will transform the current Library building from primarily a storehouse of books to a space for tomorrow\u2019s learners and researchers to \u201cget stuff done\u201d.<\/p>\n\n\n\n<p>Designed with the library user experience at the centre after consultation with students and other library users, the transformed building will provide flexible, comfortable, safe and inspiring places to work individually or collaboratively, balancing collection space with people space. The design will invite and enable all members of our University to be part of the learning journey; it will integrate Te Ao M\u0101ori and tikanga M\u0101ori throughout, respecting Rangitane as mana whenua and our place in the Manawat\u016b while also welcoming the wider communities the University seeks to serve and partner with. It will make it easier to find your way around, locate point-of-need services, spaces and high-demand resources, honour our unique and heritage collections and provide responsive delivery to low use collections.<\/p>\n\n\n\n<p>The design of the transformed building will embody te ara m\u0101tauranga \u2013 the pathways to knowledge and learning &#8211; inspired by the University\u2019s name Te Kunenga ki te P\u016brehuroa. The key values underpinning the library\u2019s service are manaakitanga (hospitality) and kaitiakitanga (guardianship), and these will be embedded in the design and experience of the transformed space. The building is designed to welcome, inspire and feel safe for all, to easily connect people with each other and with knowledge, and to care for and showcase the unique resources and taonga held within.<\/p>\n\n\n\n<p>Design is taking place during 2021, with construction to commence mid-2022. The project involves seismic strengthening of the structure and a major interior refurbishment. It will be staged with the first stage requiring the closure of the front Library (Library 1) building. The Library is two buildings joined together \u2013 Library 1 in front faces the concourse and Library 2 at the rear faces the pond. When construction starts, the Library will operate out of Library 2, with a new temporary entrance created to access that building.&nbsp; Once Library 1 has its strengthening and refurbishment completed, it will become operational and Library 2 will be closed for second stage of work. It is expected the construction will take approximately 3 years.<\/p>\n\n\n\n<p>During construction there will be some additional Library study spaces setup on campus.<\/p>\n\n\n\n<p>Renowned architects Warren and Mahoney, whose previous works include Auckland\u2019s recently opened shopping precinct Commercial Bay and projects for the University of Sydney, La Trobe University in Melbourne, University of Auckland and the student central building on Massey\u2019s Auckland campus, are providing architectural services, alongside BECA, who will provide structural and building services, and AECOM for cost management services.<\/p>\n\n\n\n<div class=\"wp-block-group\"><div class=\"wp-block-group__inner-container is-layout-flow wp-block-group-is-layout-flow\">\n<p><strong>Project overview<\/strong><\/p>\n\n\n\n<div class=\"wp-block-group\"><div class=\"wp-block-group__inner-container is-layout-flow wp-block-group-is-layout-flow\">\n<ul class=\"wp-block-list\"><li>Budget $58.75m (with an additional grant of $2m from State Sector Decarbonisation Fund) &#8211; $60.75m<\/li><li>Architects: Warren and Mahoney Architects Limited<\/li><li>Structural Engineers: Beca Limited<\/li><li>Building Services: Beca Limited<\/li><li>Cost Management: Aecom New Zealand Limited<\/li><\/ul>\n<\/div><\/div>\n<\/div><\/div>\n\n\n\n<p>See more on Massey News&nbsp;<a href=\"https:\/\/www.massey.ac.nz\/massey\/about-massey\/news\/article.cfm?mnarticle_uuid=FB5CBFD3-64D9-4FEA-9608-B419183CDCCB\">Library transformation project underway on Manawat\u016b campus<\/a><\/p>\n","protected":false},"excerpt":{"rendered":"<p>Celebrating its location at the heart of the Manawat\u016b campus, our Library Te Putanga ki te Ao M\u0101tauranga is a gateway to the world of knowledge. This project will transform the current Library building from primarily a storehouse of books &hellip; <a href=\"https:\/\/sites.massey.ac.nz\/libbuildingproject\/about-the-project\/\">Continue reading <span class=\"meta-nav\">&rarr;<\/span><\/a><\/p>\n","protected":false},"author":36,"featured_media":0,"parent":0,"menu_order":0,"comment_status":"closed","ping_status":"closed","template":"","meta":{"footnotes":""},"class_list":["post-6","page","type-page","status-publish","hentry"],"_links":{"self":[{"href":"https:\/\/sites.massey.ac.nz\/libbuildingproject\/wp-json\/wp\/v2\/pages\/6","targetHints":{"allow":["GET"]}}],"collection":[{"href":"https:\/\/sites.massey.ac.nz\/libbuildingproject\/wp-json\/wp\/v2\/pages"}],"about":[{"href":"https:\/\/sites.massey.ac.nz\/libbuildingproject\/wp-json\/wp\/v2\/types\/page"}],"author":[{"embeddable":true,"href":"https:\/\/sites.massey.ac.nz\/libbuildingproject\/wp-json\/wp\/v2\/users\/36"}],"replies":[{"embeddable":true,"href":"https:\/\/sites.massey.ac.nz\/libbuildingproject\/wp-json\/wp\/v2\/comments?post=6"}],"version-history":[{"count":6,"href":"https:\/\/sites.massey.ac.nz\/libbuildingproject\/wp-json\/wp\/v2\/pages\/6\/revisions"}],"predecessor-version":[{"id":73,"href":"https:\/\/sites.massey.ac.nz\/libbuildingproject\/wp-json\/wp\/v2\/pages\/6\/revisions\/73"}],"wp:attachment":[{"href":"https:\/\/sites.massey.ac.nz\/libbuildingproject\/wp-json\/wp\/v2\/media?parent=6"}],"curies":[{"name":"wp","href":"https:\/\/api.w.org\/{rel}","templated":true}]}}