{"id":68,"date":"2020-11-23T21:44:14","date_gmt":"2020-11-23T21:44:14","guid":{"rendered":"http:\/\/sites.massey.ac.nz\/rangahau2020\/?page_id=68"},"modified":"2021-01-19T22:54:21","modified_gmt":"2021-01-19T22:54:21","slug":"putting-mathematics-in-its-place","status":"publish","type":"page","link":"https:\/\/sites.massey.ac.nz\/rangahau2020\/our-research-stories\/putting-mathematics-in-its-place\/","title":{"rendered":"Putting mathematics in its place"},"content":{"rendered":"\n<h2 class=\"wp-block-heading\">DR PANIA TE MARO<\/h2>\n\n\n\n<h5 class=\"wp-block-heading\">Ng\u0101ti Porou<\/h5>\n\n\n\n<p>Te Kura o Te M\u0101tauranga Institute of Education<\/p>\n\n\n\n<div class=\"wp-block-columns is-layout-flex wp-container-core-columns-is-layout-9d6595d7 wp-block-columns-is-layout-flex\">\n<div class=\"wp-block-column is-layout-flow wp-block-column-is-layout-flow\">\n<p>Mathematics education, and its outcomes, are afforded power and status in our society. From an early age, whether or not a person is \u2018good at\u2019 curriculum mathematics starts to shape their identity and influence their direction in life. \u2018Maths is used for sifting and sorting our young people on a scale of clever enough to not clever enough,\u2019 said Dr Pania Te Maro from the Institute of Education. \u2018I\u2019m passionate that we stop doing this to our children. I\u2019ve seen people who have been completely undermined by it. I think as a society we\u2019re quite blinded to what\u2019s going on and, for me, it\u2019s also not fair on maths.\u2019<\/p>\n\n\n\n<p>Part of the problem, according to Dr Te Maro, is Platonist thinking where maths is held up as being the world. \u2018There is an idea that things like M\u0101ori weaving, raranga, k\u014dwhaiwhai [decorative patterns], and even p\u014dwhiri [ceremonial welcomes] are mathematical. I can see why these ideas are appealing. If maths has status in the world, then to try to uplift the status of M\u0101ori knowledge call it mathematical. However, a kairaranga (weaver) has knowledge of how to weave, and this knowledge is as important as maths, just in another way. We can unpack the maths in the weaving but the knowledge of weaving itself has its own integrity. What if we were to instead focus on the equitable privileging of separate bodies of knowledge? Don\u2019t call raranga maths because, actually, you\u2019ve just subjugated the knowledge of the weaver.\u2019&nbsp;<\/p>\n\n\n\n<p>Although it is true that some mathematics is used in everyday life, this usually involves simple calculations, or numeracy, which is only a small part of what maths is. Mathematising our every- day lives can have the detrimental effect of (once more) elevating maths knowledge and ways of seeing the world, above other forms. Then, if maths is \u2018the world\u2019 and a child cannot do maths, does that mean that they \u2018cannot do the world\u2019?<\/p>\n\n\n\n<p>\u2018Students get to NCEA and hit a brick wall for a couple of reasons,\u2019 said Dr Te Maro. \u2018NCEA systems have the potential to reduce maths to regurgitation of \u2018learned enough\u2019 procedural maths to solve contrived problems for exams that make no sense in students\u2019 worlds. NCEA maths results are (unfairly) a gatekeeper to higher education and access to economic means, which causes undue pressure to perform. Students struggle with trying to integrate or connect the things that are really important for them to learn as M\u0101ori with this form of maths education.\u2019 Her aim is to work with kura (schools) to ease this tension. \u2018We can approach it from just teaching to the tests. Or we could approach it from a way where kids are really involved with mathematics and thinking mathematically, learning to transition from thinking concretely to abstractly. If we put NCEA to the side for a bit longer, and just allow ourselves to do real maths, not maths education maths \u2014 I believe that then students could approach NCEA and have fewer problems with it.\u2019<\/p>\n<\/div>\n\n\n\n<div class=\"wp-block-column is-layout-flow wp-block-column-is-layout-flow\">\n<p>As well as her potential work with kura, Dr Te Maro is working on finding better ways to work with adult numeracy. Recently, she carried out a research project with Ako Aotearoa, a government-funded organisation supporting tertiary educators, to investigate what adult learners think about maths and why, as well as what they would like to support them in their learning. The research showed that many adult learners hate maths, and have always felt as though they were not intelligent as a result of not being \u2018good\u2019 at it. \u2018However, these adults got good marks in their assessment; they were actually doing well. They have been told all their lives that being good at maths is important to get a good job, and if they are in poverty it is their own fault for not being good enough \u2014 that is just labelling and categorising people.\u2019&nbsp;<\/p>\n\n\n\n<p>The next stage is to design an app, alongside adult learners across different institutions and disciplines. \u2018Lots of resources have been created for learning maths, but it seems that no one\u2019s asked the end user, \u201cwhat do you want?\u201d A common thread was that they wanted help to understand maths language, and maths concepts. They wanted something that\u2019s related to their study, and they wanted interactive games. Most of all, they wanted to prove that they were never dumb. It is just so satisfying seeing the change it makes in people \u2014 watching adults light up because they find that they can do something mathematical and can\u2019t believe how easy it actually is. They realise that they could have always done it if given a different way to see it.\u2019<\/p>\n<\/div>\n<\/div>\n","protected":false},"excerpt":{"rendered":"<p>DR PANIA TE MARO Ng\u0101ti Porou Te Kura o Te M\u0101tauranga Institute of Education Mathematics education, and its outcomes, are afforded power and status in our society. From an early age, whether or not a person is \u2018good at\u2019 curriculum mathematics starts to shape their identity and influence their direction in life. \u2018Maths is used &hellip; <a href=\"https:\/\/sites.massey.ac.nz\/rangahau2020\/our-research-stories\/putting-mathematics-in-its-place\/\" class=\"more-link\">Continue reading <span class=\"screen-reader-text\">Putting mathematics in its place<\/span> <span class=\"meta-nav\">&rarr;<\/span><\/a><\/p>\n","protected":false},"author":167,"featured_media":421,"parent":112,"menu_order":12,"comment_status":"closed","ping_status":"closed","template":"","meta":{"footnotes":""},"class_list":["post-68","page","type-page","status-publish","has-post-thumbnail","hentry"],"_links":{"self":[{"href":"https:\/\/sites.massey.ac.nz\/rangahau2020\/wp-json\/wp\/v2\/pages\/68","targetHints":{"allow":["GET"]}}],"collection":[{"href":"https:\/\/sites.massey.ac.nz\/rangahau2020\/wp-json\/wp\/v2\/pages"}],"about":[{"href":"https:\/\/sites.massey.ac.nz\/rangahau2020\/wp-json\/wp\/v2\/types\/page"}],"author":[{"embeddable":true,"href":"https:\/\/sites.massey.ac.nz\/rangahau2020\/wp-json\/wp\/v2\/users\/167"}],"replies":[{"embeddable":true,"href":"https:\/\/sites.massey.ac.nz\/rangahau2020\/wp-json\/wp\/v2\/comments?post=68"}],"version-history":[{"count":0,"href":"https:\/\/sites.massey.ac.nz\/rangahau2020\/wp-json\/wp\/v2\/pages\/68\/revisions"}],"up":[{"embeddable":true,"href":"https:\/\/sites.massey.ac.nz\/rangahau2020\/wp-json\/wp\/v2\/pages\/112"}],"wp:featuredmedia":[{"embeddable":true,"href":"https:\/\/sites.massey.ac.nz\/rangahau2020\/wp-json\/wp\/v2\/media\/421"}],"wp:attachment":[{"href":"https:\/\/sites.massey.ac.nz\/rangahau2020\/wp-json\/wp\/v2\/media?parent=68"}],"curies":[{"name":"wp","href":"https:\/\/api.w.org\/{rel}","templated":true}]}}