{"id":423,"date":"2020-07-02T04:42:51","date_gmt":"2020-07-02T04:42:51","guid":{"rendered":"http:\/\/sites.massey.ac.nz\/teaurangahau\/?page_id=423"},"modified":"2021-09-14T22:14:00","modified_gmt":"2021-09-14T10:14:00","slug":"developing-a-maori-theory-of-value","status":"publish","type":"page","link":"https:\/\/sites.massey.ac.nz\/teaurangahau\/about-te-au-rangahau\/nga-panui-projects\/whai-rawa-economy\/developing-a-maori-theory-of-value\/","title":{"rendered":"Developing a M\u0101ori theory of value"},"content":{"rendered":"\n<div class=\"wp-block-columns has-background has-cyan-bluish-gray-background-color is-layout-flex wp-container-core-columns-is-layout-9d6595d7 wp-block-columns-is-layout-flex\">\n<div class=\"wp-block-column is-layout-flow wp-block-column-is-layout-flow\">\n<h4 class=\"wp-block-heading\">Project leader<\/h4>\n\n\n\n<p>Kiri Dell Ng\u0101 Pae<\/p>\n<\/div>\n\n\n\n<div class=\"wp-block-column is-layout-flow wp-block-column-is-layout-flow\">\n<h4 class=\"wp-block-heading\">Duration<\/h4>\n\n\n\n<p>October 2018 &#8211; September 2020<\/p>\n<\/div>\n\n\n\n<div class=\"wp-block-column is-layout-flow wp-block-column-is-layout-flow\">\n<h4 class=\"wp-block-heading\">Status<\/h4>\n\n\n\n<p>Ongoing<\/p>\n<\/div>\n<\/div>\n\n\n\n<p><em>The theory of value research platform is concerned with considering:<\/em><\/p>\n\n\n\n<ul class=\"wp-block-list\"><li><em>How can the values that drive the M\u0101ori economy be understood and articulated within a theoretical context?<\/em><\/li><li><em>How can the values that drive the M\u0101ori economy be utilised by M\u0101ori communities to enhance wellbeing<\/em>?<\/li><\/ul>\n\n\n\n<figure class=\"wp-block-image size-large is-resized\"><a href=\"https:\/\/sites.massey.ac.nz\/teaurangahau\/wp-content\/uploads\/sites\/53\/2021\/06\/M%C4%81ori-theory-of-value-report-for-WEB.pdf\" target=\"_blank\" rel=\"Dell, K. M., Newth, J., Mika, J. P., &amp; Houkamau, C. A. (2021). Developing a M\u0101ori theory of value: Report prepared for Ng\u0101 Pae o te M\u0101ramatanga. noopener noreferrer\"><img loading=\"lazy\" decoding=\"async\" src=\"https:\/\/sites.massey.ac.nz\/teaurangahau\/wp-content\/uploads\/sites\/53\/2021\/06\/Screenshot-178.png\" alt=\"\" class=\"wp-image-1657\" width=\"415\" height=\"583\" srcset=\"https:\/\/sites.massey.ac.nz\/teaurangahau\/wp-content\/uploads\/sites\/53\/2021\/06\/Screenshot-178.png 586w, https:\/\/sites.massey.ac.nz\/teaurangahau\/wp-content\/uploads\/sites\/53\/2021\/06\/Screenshot-178-214x300.png 214w\" sizes=\"auto, (max-width: 415px) 100vw, 415px\" \/><\/a><figcaption>Dell, K. M., Newth, J., Mika, J. P., &amp; Houkamau, C. A. (2021). <em>Developing a M\u0101ori theory of value: Report prepared for Ng\u0101 Pae o te M\u0101ramatanga<\/em>.<\/figcaption><\/figure>\n\n\n\n<p><a rel=\"noreferrer noopener\" href=\"http:\/\/www.maramatanga.ac.nz\/project\/developing-m-ori-theory-value\" target=\"_blank\">Learn more at Ng\u0101 Pae o te M\u0101ramatanga<\/a><\/p>\n\n\n\n<h2 class=\"wp-block-heading\">Related content<\/h2>\n\n\n\n<div class=\"wp-block-file\"><a href=\"https:\/\/sites.massey.ac.nz\/teaurangahau\/wp-content\/uploads\/sites\/53\/2021\/09\/Houkamau-et-al-2021.pdf\"><a href=\"https:\/\/doi.org\/https:\/\/doi.org\/10.1089\/cyber.2020.0877\">Houkamau, C. A., Satherly, N., Stronge, S., Wolfgramm, R., Dell, K. M., Mika, J. P., Newth, J., &amp; Sibley, C. G. (2021). <strong>Cyberbullying towards M\u0101ori is rife in New Zealand: Incidences and demographic differences in the experiences of cyberbullying among M\u0101ori.<\/strong> <em>Cyberpsychology, Behavior, and Social Networking<\/em>.<\/a><\/a><a href=\"https:\/\/sites.massey.ac.nz\/teaurangahau\/wp-content\/uploads\/sites\/53\/2021\/09\/Houkamau-et-al-2021.pdf\" class=\"wp-block-file__button\" download>Download<\/a><\/div>\n\n\n\n<figure class=\"wp-block-embed-wordpress wp-block-embed is-type-wp-embed is-provider-te-au-rangahau-maori-business-research\"><div class=\"wp-block-embed__wrapper\">\n<blockquote class=\"wp-embedded-content\" data-secret=\"b1ER6dN64n\"><a href=\"https:\/\/sites.massey.ac.nz\/teaurangahau\/2021\/05\/07\/berl-webinar-on-value-and-values\/\">BERL webinar on value and values<\/a><\/blockquote><iframe loading=\"lazy\" class=\"wp-embedded-content\" sandbox=\"allow-scripts\" security=\"restricted\" style=\"position: absolute; visibility: hidden;\" title=\"&#8220;BERL webinar on value and values&#8221; &#8212; Te Au Rangahau | M\u0101ori Business Research\" src=\"https:\/\/sites.massey.ac.nz\/teaurangahau\/2021\/05\/07\/berl-webinar-on-value-and-values\/embed\/#?secret=1dnvDHf18t#?secret=b1ER6dN64n\" data-secret=\"b1ER6dN64n\" width=\"525\" height=\"296\" frameborder=\"0\" marginwidth=\"0\" marginheight=\"0\" scrolling=\"no\"><\/iframe>\n<\/div><\/figure>\n\n\n\n<div class=\"wp-block-file\"><a href=\"https:\/\/sites.massey.ac.nz\/teaurangahau\/wp-content\/uploads\/sites\/53\/2021\/05\/Climate-Change-Beliefs-and-Maori-Final-for-Web-_reduced.pdf\">Climate Change Beliefs Among M\u0101ori<\/a><a href=\"https:\/\/sites.massey.ac.nz\/teaurangahau\/wp-content\/uploads\/sites\/53\/2021\/05\/Climate-Change-Beliefs-and-Maori-Final-for-Web-_reduced.pdf\" class=\"wp-block-file__button\" download>Download<\/a><\/div>\n\n\n\n<figure class=\"wp-block-image size-large\"><a href=\"https:\/\/cdn.auckland.ac.nz\/assets\/psych\/about\/our-research\/MIFAS\/Tech-Docs\/MIFAS-Covid-19-2021-Report.pdf\" target=\"_blank\" rel=\"The wellbeing of M\u0101ori pre and post Covid-19 lockdown in Aotearoa \/ New Zealand noopener noreferrer\"><img loading=\"lazy\" decoding=\"async\" width=\"1024\" height=\"759\" src=\"https:\/\/sites.massey.ac.nz\/teaurangahau\/wp-content\/uploads\/sites\/53\/2021\/06\/Screenshot-172-1024x759.png\" alt=\"\" class=\"wp-image-1643\" srcset=\"https:\/\/sites.massey.ac.nz\/teaurangahau\/wp-content\/uploads\/sites\/53\/2021\/06\/Screenshot-172-1024x759.png 1024w, https:\/\/sites.massey.ac.nz\/teaurangahau\/wp-content\/uploads\/sites\/53\/2021\/06\/Screenshot-172-300x222.png 300w, https:\/\/sites.massey.ac.nz\/teaurangahau\/wp-content\/uploads\/sites\/53\/2021\/06\/Screenshot-172-768x569.png 768w, https:\/\/sites.massey.ac.nz\/teaurangahau\/wp-content\/uploads\/sites\/53\/2021\/06\/Screenshot-172.png 1119w\" sizes=\"auto, (max-width: 767px) 89vw, (max-width: 1000px) 54vw, (max-width: 1071px) 543px, 580px\" \/><\/a><figcaption><a href=\"https:\/\/cdn.auckland.ac.nz\/assets\/psych\/about\/our-research\/MIFAS\/Tech-Docs\/MIFAS-Covid-19-2021-Report.pdf\" target=\"_blank\" rel=\"noreferrer noopener\">Houkamau, C. A., Dell, K. M., Newth, <strong>J., Mika<\/strong>, J. P., Sibley, C., Keelan, T., &amp; Dunn, T. (2021). <em>The wellbeing of M\u0101ori pre and post Covid-19 lockdown in Aotearoa \/ New Zealand<\/em>.<\/a><\/figcaption><\/figure>\n","protected":false},"excerpt":{"rendered":"<p>Project leader Kiri Dell Ng\u0101 Pae Duration October 2018 &#8211; September 2020 Status Ongoing The theory of value research platform is concerned with considering: How can the values that drive the M\u0101ori economy be understood and articulated within a theoretical context? How can the values that drive the M\u0101ori economy be utilised by M\u0101ori communities &hellip; <\/p>\n<p class=\"link-more\"><a href=\"https:\/\/sites.massey.ac.nz\/teaurangahau\/about-te-au-rangahau\/nga-panui-projects\/whai-rawa-economy\/developing-a-maori-theory-of-value\/\" class=\"more-link\">Continue reading<span class=\"screen-reader-text\"> &#8220;Developing a M\u0101ori theory of value&#8221;<\/span><\/a><\/p>\n","protected":false},"author":22,"featured_media":0,"parent":83,"menu_order":0,"comment_status":"closed","ping_status":"closed","template":"","meta":{"footnotes":""},"class_list":["post-423","page","type-page","status-publish","hentry"],"yoast_head":"<!-- This site is optimized with the Yoast SEO plugin v27.2 - https:\/\/yoast.com\/product\/yoast-seo-wordpress\/ -->\n<title>Developing a M\u0101ori theory of value - Te Au Rangahau | M\u0101ori Business Research<\/title>\n<meta name=\"robots\" content=\"index, follow, max-snippet:-1, max-image-preview:large, max-video-preview:-1\" \/>\n<link rel=\"canonical\" href=\"https:\/\/sites.massey.ac.nz\/teaurangahau\/about-te-au-rangahau\/nga-panui-projects\/whai-rawa-economy\/developing-a-maori-theory-of-value\/\" \/>\n<meta property=\"og:locale\" content=\"en_US\" \/>\n<meta property=\"og:type\" content=\"article\" \/>\n<meta property=\"og:title\" content=\"Developing a M\u0101ori theory of value - Te Au Rangahau | M\u0101ori Business Research\" \/>\n<meta property=\"og:description\" content=\"Project leader Kiri Dell Ng\u0101 Pae Duration October 2018 &#8211; September 2020 Status Ongoing The theory of value research platform is concerned with considering: How can the values that drive the M\u0101ori economy be understood and articulated within a theoretical context? How can the values that drive the M\u0101ori economy be utilised by M\u0101ori communities &hellip; Continue reading &quot;Developing a M\u0101ori theory of value&quot;\" \/>\n<meta property=\"og:url\" content=\"https:\/\/sites.massey.ac.nz\/teaurangahau\/about-te-au-rangahau\/nga-panui-projects\/whai-rawa-economy\/developing-a-maori-theory-of-value\/\" \/>\n<meta property=\"og:site_name\" content=\"Te Au Rangahau | M\u0101ori Business Research\" \/>\n<meta property=\"article:modified_time\" content=\"2021-09-14T10:14:00+00:00\" \/>\n<meta property=\"og:image\" content=\"https:\/\/sites.massey.ac.nz\/teaurangahau\/wp-content\/uploads\/sites\/53\/2021\/06\/Screenshot-178.png\" \/>\n<meta name=\"twitter:card\" content=\"summary_large_image\" \/>\n<meta name=\"twitter:label1\" content=\"Est. reading time\" \/>\n\t<meta name=\"twitter:data1\" content=\"1 minute\" \/>\n<script type=\"application\/ld+json\" class=\"yoast-schema-graph\">{\"@context\":\"https:\/\/schema.org\",\"@graph\":[{\"@type\":\"WebPage\",\"@id\":\"https:\/\/sites.massey.ac.nz\/teaurangahau\/about-te-au-rangahau\/nga-panui-projects\/whai-rawa-economy\/developing-a-maori-theory-of-value\/\",\"url\":\"https:\/\/sites.massey.ac.nz\/teaurangahau\/about-te-au-rangahau\/nga-panui-projects\/whai-rawa-economy\/developing-a-maori-theory-of-value\/\",\"name\":\"Developing a M\u0101ori theory of value - Te Au Rangahau | M\u0101ori Business Research\",\"isPartOf\":{\"@id\":\"https:\/\/sites.massey.ac.nz\/teaurangahau\/#website\"},\"primaryImageOfPage\":{\"@id\":\"https:\/\/sites.massey.ac.nz\/teaurangahau\/about-te-au-rangahau\/nga-panui-projects\/whai-rawa-economy\/developing-a-maori-theory-of-value\/#primaryimage\"},\"image\":{\"@id\":\"https:\/\/sites.massey.ac.nz\/teaurangahau\/about-te-au-rangahau\/nga-panui-projects\/whai-rawa-economy\/developing-a-maori-theory-of-value\/#primaryimage\"},\"thumbnailUrl\":\"https:\/\/sites.massey.ac.nz\/teaurangahau\/wp-content\/uploads\/sites\/53\/2021\/06\/Screenshot-178.png\",\"datePublished\":\"2020-07-02T04:42:51+00:00\",\"dateModified\":\"2021-09-14T10:14:00+00:00\",\"breadcrumb\":{\"@id\":\"https:\/\/sites.massey.ac.nz\/teaurangahau\/about-te-au-rangahau\/nga-panui-projects\/whai-rawa-economy\/developing-a-maori-theory-of-value\/#breadcrumb\"},\"inLanguage\":\"en-NZ\",\"potentialAction\":[{\"@type\":\"ReadAction\",\"target\":[\"https:\/\/sites.massey.ac.nz\/teaurangahau\/about-te-au-rangahau\/nga-panui-projects\/whai-rawa-economy\/developing-a-maori-theory-of-value\/\"]}]},{\"@type\":\"ImageObject\",\"inLanguage\":\"en-NZ\",\"@id\":\"https:\/\/sites.massey.ac.nz\/teaurangahau\/about-te-au-rangahau\/nga-panui-projects\/whai-rawa-economy\/developing-a-maori-theory-of-value\/#primaryimage\",\"url\":\"https:\/\/sites.massey.ac.nz\/teaurangahau\/wp-content\/uploads\/sites\/53\/2021\/06\/Screenshot-178.png\",\"contentUrl\":\"https:\/\/sites.massey.ac.nz\/teaurangahau\/wp-content\/uploads\/sites\/53\/2021\/06\/Screenshot-178.png\",\"width\":586,\"height\":823},{\"@type\":\"BreadcrumbList\",\"@id\":\"https:\/\/sites.massey.ac.nz\/teaurangahau\/about-te-au-rangahau\/nga-panui-projects\/whai-rawa-economy\/developing-a-maori-theory-of-value\/#breadcrumb\",\"itemListElement\":[{\"@type\":\"ListItem\",\"position\":1,\"name\":\"Home\",\"item\":\"https:\/\/sites.massey.ac.nz\/teaurangahau\/\"},{\"@type\":\"ListItem\",\"position\":2,\"name\":\"Ng\u0101 rangahau | Our projects\",\"item\":\"https:\/\/sites.massey.ac.nz\/teaurangahau\/about-te-au-rangahau\/nga-panui-projects\/\"},{\"@type\":\"ListItem\",\"position\":3,\"name\":\"Whai Rawa | Economy\",\"item\":\"https:\/\/sites.massey.ac.nz\/teaurangahau\/about-te-au-rangahau\/nga-panui-projects\/whai-rawa-economy\/\"},{\"@type\":\"ListItem\",\"position\":4,\"name\":\"Developing a M\u0101ori theory of value\"}]},{\"@type\":\"WebSite\",\"@id\":\"https:\/\/sites.massey.ac.nz\/teaurangahau\/#website\",\"url\":\"https:\/\/sites.massey.ac.nz\/teaurangahau\/\",\"name\":\"Te Au Rangahau | M\u0101ori Business Research\",\"description\":\"Advancing knowledge for a prosperous and sustainable M\u0101ori economy\",\"publisher\":{\"@id\":\"https:\/\/sites.massey.ac.nz\/teaurangahau\/#organization\"},\"potentialAction\":[{\"@type\":\"SearchAction\",\"target\":{\"@type\":\"EntryPoint\",\"urlTemplate\":\"https:\/\/sites.massey.ac.nz\/teaurangahau\/?s={search_term_string}\"},\"query-input\":{\"@type\":\"PropertyValueSpecification\",\"valueRequired\":true,\"valueName\":\"search_term_string\"}}],\"inLanguage\":\"en-NZ\"},{\"@type\":\"Organization\",\"@id\":\"https:\/\/sites.massey.ac.nz\/teaurangahau\/#organization\",\"name\":\"Te Au Rangahau | M\u0101ori Business Research\",\"url\":\"https:\/\/sites.massey.ac.nz\/teaurangahau\/\",\"logo\":{\"@type\":\"ImageObject\",\"inLanguage\":\"en-NZ\",\"@id\":\"https:\/\/sites.massey.ac.nz\/teaurangahau\/#\/schema\/logo\/image\/\",\"url\":\"https:\/\/sites.massey.ac.nz\/teaurangahau\/wp-content\/uploads\/sites\/53\/2020\/09\/cropped-Colour-Logo-Cropped.png\",\"contentUrl\":\"https:\/\/sites.massey.ac.nz\/teaurangahau\/wp-content\/uploads\/sites\/53\/2020\/09\/cropped-Colour-Logo-Cropped.png\",\"width\":683,\"height\":250,\"caption\":\"Te Au Rangahau | M\u0101ori Business Research\"},\"image\":{\"@id\":\"https:\/\/sites.massey.ac.nz\/teaurangahau\/#\/schema\/logo\/image\/\"}}]}<\/script>\n<!-- \/ Yoast SEO plugin. -->","yoast_head_json":{"title":"Developing a M\u0101ori theory of value - Te Au Rangahau | M\u0101ori Business Research","robots":{"index":"index","follow":"follow","max-snippet":"max-snippet:-1","max-image-preview":"max-image-preview:large","max-video-preview":"max-video-preview:-1"},"canonical":"https:\/\/sites.massey.ac.nz\/teaurangahau\/about-te-au-rangahau\/nga-panui-projects\/whai-rawa-economy\/developing-a-maori-theory-of-value\/","og_locale":"en_US","og_type":"article","og_title":"Developing a M\u0101ori theory of value - Te Au Rangahau | M\u0101ori Business Research","og_description":"Project leader Kiri Dell Ng\u0101 Pae Duration October 2018 &#8211; September 2020 Status Ongoing The theory of value research platform is concerned with considering: How can the values that drive the M\u0101ori economy be understood and articulated within a theoretical context? How can the values that drive the M\u0101ori economy be utilised by M\u0101ori communities &hellip; Continue reading \"Developing a M\u0101ori theory of value\"","og_url":"https:\/\/sites.massey.ac.nz\/teaurangahau\/about-te-au-rangahau\/nga-panui-projects\/whai-rawa-economy\/developing-a-maori-theory-of-value\/","og_site_name":"Te Au Rangahau | M\u0101ori Business Research","article_modified_time":"2021-09-14T10:14:00+00:00","og_image":[{"url":"https:\/\/sites.massey.ac.nz\/teaurangahau\/wp-content\/uploads\/sites\/53\/2021\/06\/Screenshot-178.png","type":"","width":"","height":""}],"twitter_card":"summary_large_image","twitter_misc":{"Est. reading time":"1 minute"},"schema":{"@context":"https:\/\/schema.org","@graph":[{"@type":"WebPage","@id":"https:\/\/sites.massey.ac.nz\/teaurangahau\/about-te-au-rangahau\/nga-panui-projects\/whai-rawa-economy\/developing-a-maori-theory-of-value\/","url":"https:\/\/sites.massey.ac.nz\/teaurangahau\/about-te-au-rangahau\/nga-panui-projects\/whai-rawa-economy\/developing-a-maori-theory-of-value\/","name":"Developing a M\u0101ori theory of value - Te Au Rangahau | M\u0101ori Business Research","isPartOf":{"@id":"https:\/\/sites.massey.ac.nz\/teaurangahau\/#website"},"primaryImageOfPage":{"@id":"https:\/\/sites.massey.ac.nz\/teaurangahau\/about-te-au-rangahau\/nga-panui-projects\/whai-rawa-economy\/developing-a-maori-theory-of-value\/#primaryimage"},"image":{"@id":"https:\/\/sites.massey.ac.nz\/teaurangahau\/about-te-au-rangahau\/nga-panui-projects\/whai-rawa-economy\/developing-a-maori-theory-of-value\/#primaryimage"},"thumbnailUrl":"https:\/\/sites.massey.ac.nz\/teaurangahau\/wp-content\/uploads\/sites\/53\/2021\/06\/Screenshot-178.png","datePublished":"2020-07-02T04:42:51+00:00","dateModified":"2021-09-14T10:14:00+00:00","breadcrumb":{"@id":"https:\/\/sites.massey.ac.nz\/teaurangahau\/about-te-au-rangahau\/nga-panui-projects\/whai-rawa-economy\/developing-a-maori-theory-of-value\/#breadcrumb"},"inLanguage":"en-NZ","potentialAction":[{"@type":"ReadAction","target":["https:\/\/sites.massey.ac.nz\/teaurangahau\/about-te-au-rangahau\/nga-panui-projects\/whai-rawa-economy\/developing-a-maori-theory-of-value\/"]}]},{"@type":"ImageObject","inLanguage":"en-NZ","@id":"https:\/\/sites.massey.ac.nz\/teaurangahau\/about-te-au-rangahau\/nga-panui-projects\/whai-rawa-economy\/developing-a-maori-theory-of-value\/#primaryimage","url":"https:\/\/sites.massey.ac.nz\/teaurangahau\/wp-content\/uploads\/sites\/53\/2021\/06\/Screenshot-178.png","contentUrl":"https:\/\/sites.massey.ac.nz\/teaurangahau\/wp-content\/uploads\/sites\/53\/2021\/06\/Screenshot-178.png","width":586,"height":823},{"@type":"BreadcrumbList","@id":"https:\/\/sites.massey.ac.nz\/teaurangahau\/about-te-au-rangahau\/nga-panui-projects\/whai-rawa-economy\/developing-a-maori-theory-of-value\/#breadcrumb","itemListElement":[{"@type":"ListItem","position":1,"name":"Home","item":"https:\/\/sites.massey.ac.nz\/teaurangahau\/"},{"@type":"ListItem","position":2,"name":"Ng\u0101 rangahau | Our projects","item":"https:\/\/sites.massey.ac.nz\/teaurangahau\/about-te-au-rangahau\/nga-panui-projects\/"},{"@type":"ListItem","position":3,"name":"Whai Rawa | Economy","item":"https:\/\/sites.massey.ac.nz\/teaurangahau\/about-te-au-rangahau\/nga-panui-projects\/whai-rawa-economy\/"},{"@type":"ListItem","position":4,"name":"Developing a M\u0101ori theory of value"}]},{"@type":"WebSite","@id":"https:\/\/sites.massey.ac.nz\/teaurangahau\/#website","url":"https:\/\/sites.massey.ac.nz\/teaurangahau\/","name":"Te Au Rangahau | M\u0101ori Business Research","description":"Advancing knowledge for a prosperous and sustainable M\u0101ori economy","publisher":{"@id":"https:\/\/sites.massey.ac.nz\/teaurangahau\/#organization"},"potentialAction":[{"@type":"SearchAction","target":{"@type":"EntryPoint","urlTemplate":"https:\/\/sites.massey.ac.nz\/teaurangahau\/?s={search_term_string}"},"query-input":{"@type":"PropertyValueSpecification","valueRequired":true,"valueName":"search_term_string"}}],"inLanguage":"en-NZ"},{"@type":"Organization","@id":"https:\/\/sites.massey.ac.nz\/teaurangahau\/#organization","name":"Te Au Rangahau | M\u0101ori Business Research","url":"https:\/\/sites.massey.ac.nz\/teaurangahau\/","logo":{"@type":"ImageObject","inLanguage":"en-NZ","@id":"https:\/\/sites.massey.ac.nz\/teaurangahau\/#\/schema\/logo\/image\/","url":"https:\/\/sites.massey.ac.nz\/teaurangahau\/wp-content\/uploads\/sites\/53\/2020\/09\/cropped-Colour-Logo-Cropped.png","contentUrl":"https:\/\/sites.massey.ac.nz\/teaurangahau\/wp-content\/uploads\/sites\/53\/2020\/09\/cropped-Colour-Logo-Cropped.png","width":683,"height":250,"caption":"Te Au Rangahau | M\u0101ori Business Research"},"image":{"@id":"https:\/\/sites.massey.ac.nz\/teaurangahau\/#\/schema\/logo\/image\/"}}]}},"_links":{"self":[{"href":"https:\/\/sites.massey.ac.nz\/teaurangahau\/wp-json\/wp\/v2\/pages\/423","targetHints":{"allow":["GET"]}}],"collection":[{"href":"https:\/\/sites.massey.ac.nz\/teaurangahau\/wp-json\/wp\/v2\/pages"}],"about":[{"href":"https:\/\/sites.massey.ac.nz\/teaurangahau\/wp-json\/wp\/v2\/types\/page"}],"author":[{"embeddable":true,"href":"https:\/\/sites.massey.ac.nz\/teaurangahau\/wp-json\/wp\/v2\/users\/22"}],"replies":[{"embeddable":true,"href":"https:\/\/sites.massey.ac.nz\/teaurangahau\/wp-json\/wp\/v2\/comments?post=423"}],"version-history":[{"count":12,"href":"https:\/\/sites.massey.ac.nz\/teaurangahau\/wp-json\/wp\/v2\/pages\/423\/revisions"}],"predecessor-version":[{"id":1761,"href":"https:\/\/sites.massey.ac.nz\/teaurangahau\/wp-json\/wp\/v2\/pages\/423\/revisions\/1761"}],"up":[{"embeddable":true,"href":"https:\/\/sites.massey.ac.nz\/teaurangahau\/wp-json\/wp\/v2\/pages\/83"}],"wp:attachment":[{"href":"https:\/\/sites.massey.ac.nz\/teaurangahau\/wp-json\/wp\/v2\/media?parent=423"}],"curies":[{"name":"wp","href":"https:\/\/api.w.org\/{rel}","templated":true}]}}